{"id":108,"date":"2025-06-13T07:29:10","date_gmt":"2025-06-13T04:29:10","guid":{"rendered":"https:\/\/resmil.fi\/?page_id=108"},"modified":"2025-10-20T17:58:14","modified_gmt":"2025-10-20T14:58:14","slug":"helikon-tex-competition-dumppitasku","status":"publish","type":"page","link":"https:\/\/resmil.fi\/index.php\/tuotetestaus\/x-varuste\/helikon-tex-competition-dumppitasku\/","title":{"rendered":"Helikon-Tex Competition dumppitasku"},"content":{"rendered":"\n<p><a href=\"https:\/\/xvaruste.fi\/helikon-tex-competition-dumppitasku-oliivi\/\">Tilaa t\u00e4st\u00e4<\/a><\/p>\n\n\n\n<p>Alennuskoodilla <strong>resmil2025 <\/strong>saat -10 % alennuksen X-varusteen verkkokaupasta.<\/p>\n\n\n\n<p><strong>Tekniset tiedot:<\/strong><\/p>\n\n\n\n<ul class=\"wp-block-list\">\n<li>100% Nylonia<\/li>\n\n\n\n<li>Paino: 263 g<\/li>\n<\/ul>\n\n\n\n<p><strong>Mitat:<\/strong><\/p>\n\n\n\n<ul class=\"wp-block-list\">\n<li>Suljettuna: 7 x 21 x 5 cm<\/li>\n\n\n\n<li>Avattuna: 19 x 11 x 21 cm<\/li>\n<\/ul>\n\n\n\n<p><strong>Ensivaikutelma:<\/strong> Laadukas ja kest\u00e4v\u00e4. Materiaalin paksuuteen ja vahvuuteen n\u00e4hden sen saa tarvittaessa pakattua eritt\u00e4in pieneen kokoon.<\/p>\n\n\n\n<p><strong>Materiaalin laatu:<\/strong><\/p>\n\n\n\n<ul class=\"wp-block-list\">\n<li>Dumppitaskun materiaali vaikuttaa eritt\u00e4in laadukkaalta ja kest\u00e4v\u00e4lt\u00e4, pohjaverkkoa lukuun ottamatta.<\/li>\n\n\n\n<li>Ensisilm\u00e4yksell\u00e4 saumojen ompeleet n\u00e4ytt\u00e4v\u00e4t laadukkailta ja vahvoilta.<\/li>\n\n\n\n<li>Verkkopohja ei ole paras mahdollinen valinta sotilask\u00e4ytt\u00f6\u00f6n; tetsatessa se saattaa menn\u00e4 helposti rikki.<\/li>\n<\/ul>\n\n\n\n<p><strong>K\u00e4ytett\u00e4vyys ja mukavuus<\/strong><\/p>\n\n\n\n<ul class=\"wp-block-list\">\n<li>Dumppitaskun saa eritt\u00e4in pieneen kokoon suljettuna. Dumpin avaaminen on nopeaa ja helppoa, kun kiinnitys aukeaa avaamalla yhden velcron.<\/li>\n\n\n\n<li>Kiinnitt\u00e4minen on helppoa (MOLLE), peruskauraa my\u00f6s hieman kokemattomalle operaattorille.<\/li>\n\n\n\n<li>Dumpin &#8221;suun vanteen&#8221; ansiosta se s\u00e4ilytt\u00e4\u00e4 hyvin muotonsa, vaikka sis\u00e4ll\u00e4 olisi useampikin lipas.<\/li>\n\n\n\n<li>Suuaukon kiristys onnistuu vaivattomasti vet\u00e4m\u00e4ll\u00e4 yhdest\u00e4 narusta.<\/li>\n<\/ul>\n\n\n\n<p><strong>Kest\u00e4vyys ja huolto<\/strong><\/p>\n\n\n\n<ul class=\"wp-block-list\">\n<li><strong>Kulutuskest\u00e4vyys:<\/strong> Pesimme dumppitaskun pesukoneessa, eik\u00e4 se menett\u00e4nyt muotoaan. Kulumia ei ilmennyt, ja ompeleet kestiv\u00e4t hyvin; purkaumia ei havaittu.<\/li>\n\n\n\n<li><strong>S\u00e4\u00e4nkesto: <\/strong>Dumppitaskun materiaali hylkii vett\u00e4 ja roiskeita hyvin.<\/li>\n\n\n\n<li>Eritt\u00e4in helppo pit\u00e4\u00e4 puhtaana; t\u00e4m\u00e4 on verkkopohjan hyv\u00e4 puoli. Hiekka ja pienimm\u00e4t kivet putoavat verkon l\u00e4pi, ja kosteus haihtuu tehokkaasti.<\/li>\n<\/ul>\n\n\n\n<p><strong>Toiminnallinen suorituskyky<\/strong><\/p>\n\n\n\n<ul class=\"wp-block-list\">\n<li><strong>Tilavuus: <\/strong>Dumppitasku ei ole tarpeeksi syv\u00e4 RK:n lippaille. Tetsatessa tai juostessa RK:n lippaat voivat pudota helposti. AR:n lippaille dumppitaskun syvyys on sopiva, eik\u00e4 ne tipu, vaikka vauhtia olisi hieman enemm\u00e4n.<\/li>\n\n\n\n<li>Dumppitasku s\u00e4ilytt\u00e4\u00e4 muotonsa hyvin, vaikka sis\u00e4ll\u00e4 olisi useampi lipas, eik\u00e4 se roiku liikaa tai h\u00e4iritse liikkumista.<\/li>\n\n\n\n<li>Kiinnitt\u00e4vyys saa ison plussan. Useamman MOLLE-rivin ansiosta dumppi pysyy j\u00e4m\u00e4k\u00e4sti kiinni, eik\u00e4 se heilu tai l\u00f6ysty k\u00e4yt\u00f6ss\u00e4.<\/li>\n<\/ul>\n\n\n\n<p><strong>Kentt\u00e4palautteen perusteet<\/strong><\/p>\n\n\n\n<ul class=\"wp-block-list\">\n<li><strong>K\u00e4yt\u00f6n mukavuus: <\/strong>J\u00e4m\u00e4kk\u00e4 tuntuma; dumppi ei heilu tai roiku h\u00e4iritsev\u00e4sti.<\/li>\n\n\n\n<li><strong>Yleinen tyytyv\u00e4isyys:<\/strong> Tacticoolin n\u00e4k\u00f6inen dumppi, helppok\u00e4ytt\u00f6inen ja kompakti pakattuna.<\/li>\n\n\n\n<li><strong>Arvosana: <\/strong>4\/5<\/li>\n<\/ul>\n\n\n\n<p><strong>Kentt\u00e4palaute<\/strong><\/p>\n\n\n\n<ul class=\"wp-block-list\">\n<li><strong>K\u00e4ytt\u00e4j\u00e4n arvio: <\/strong>Mielest\u00e4ni dumppitasku ei sovi sotilask\u00e4ytt\u00f6\u00f6n sen syvyyden puutteen vuoksi. Sen sijaan rata-ampujalle dumppi soveltuisi paremmin.<\/li>\n<\/ul>\n\n\n\n<p><strong>Suositukset jatkokehittelyyn:<\/strong> Dumppitaskun ehdottomasti heikoin lenkki on se, ett\u00e4 se ei ole tarpeeksi syv\u00e4 sotilask\u00e4ytt\u00f6\u00f6n.<\/p>\n\n\n\n<p><a href=\"https:\/\/xvaruste.fi\/helikon-tex-competition-dumppitasku-oliivi\/\">Tilaa t\u00e4st\u00e4<\/a><\/p>\n\n\n\n<p>Alennuskoodilla <strong>resmil2025 <\/strong>saat -10 % alennuksen X-varusteen verkkokaupasta.<\/p>\n\n\n\n<figure class=\"wp-block-gallery has-nested-images columns-default is-cropped wp-block-gallery-1 is-layout-flex wp-block-gallery-is-layout-flex\">\n<figure class=\"wp-block-image size-large\"><img loading=\"lazy\" decoding=\"async\" width=\"683\" height=\"1024\" data-id=\"235\" src=\"https:\/\/resmil.fi\/wp-content\/uploads\/2025\/06\/H5A3412-683x1024.jpg\" alt=\"\" class=\"wp-image-235\" srcset=\"https:\/\/resmil.fi\/wp-content\/uploads\/2025\/06\/H5A3412-683x1024.jpg 683w, https:\/\/resmil.fi\/wp-content\/uploads\/2025\/06\/H5A3412-200x300.jpg 200w, https:\/\/resmil.fi\/wp-content\/uploads\/2025\/06\/H5A3412-768x1152.jpg 768w, https:\/\/resmil.fi\/wp-content\/uploads\/2025\/06\/H5A3412-1024x1536.jpg 1024w, https:\/\/resmil.fi\/wp-content\/uploads\/2025\/06\/H5A3412-1365x2048.jpg 1365w, https:\/\/resmil.fi\/wp-content\/uploads\/2025\/06\/H5A3412-scaled.jpg 1707w\" sizes=\"auto, (max-width: 683px) 100vw, 683px\" \/><\/figure>\n\n\n\n<figure class=\"wp-block-image size-large\"><img loading=\"lazy\" decoding=\"async\" width=\"1024\" height=\"683\" data-id=\"239\" src=\"https:\/\/resmil.fi\/wp-content\/uploads\/2025\/06\/H5A3377-1024x683.jpg\" alt=\"\" class=\"wp-image-239\" srcset=\"https:\/\/resmil.fi\/wp-content\/uploads\/2025\/06\/H5A3377-1024x683.jpg 1024w, https:\/\/resmil.fi\/wp-content\/uploads\/2025\/06\/H5A3377-300x200.jpg 300w, https:\/\/resmil.fi\/wp-content\/uploads\/2025\/06\/H5A3377-768x512.jpg 768w, https:\/\/resmil.fi\/wp-content\/uploads\/2025\/06\/H5A3377-1536x1024.jpg 1536w, https:\/\/resmil.fi\/wp-content\/uploads\/2025\/06\/H5A3377-2048x1365.jpg 2048w\" sizes=\"auto, (max-width: 1024px) 100vw, 1024px\" \/><\/figure>\n\n\n\n<figure class=\"wp-block-image size-large\"><img loading=\"lazy\" decoding=\"async\" width=\"1024\" height=\"683\" data-id=\"236\" src=\"https:\/\/resmil.fi\/wp-content\/uploads\/2025\/06\/H5A3411-1024x683.jpg\" alt=\"\" class=\"wp-image-236\" srcset=\"https:\/\/resmil.fi\/wp-content\/uploads\/2025\/06\/H5A3411-1024x683.jpg 1024w, https:\/\/resmil.fi\/wp-content\/uploads\/2025\/06\/H5A3411-300x200.jpg 300w, https:\/\/resmil.fi\/wp-content\/uploads\/2025\/06\/H5A3411-768x512.jpg 768w, https:\/\/resmil.fi\/wp-content\/uploads\/2025\/06\/H5A3411-1536x1024.jpg 1536w, https:\/\/resmil.fi\/wp-content\/uploads\/2025\/06\/H5A3411-2048x1365.jpg 2048w\" sizes=\"auto, (max-width: 1024px) 100vw, 1024px\" \/><\/figure>\n\n\n\n<figure class=\"wp-block-image size-large\"><img loading=\"lazy\" decoding=\"async\" width=\"683\" height=\"1024\" data-id=\"238\" src=\"https:\/\/resmil.fi\/wp-content\/uploads\/2025\/06\/H5A3382-683x1024.jpg\" alt=\"\" class=\"wp-image-238\" srcset=\"https:\/\/resmil.fi\/wp-content\/uploads\/2025\/06\/H5A3382-683x1024.jpg 683w, https:\/\/resmil.fi\/wp-content\/uploads\/2025\/06\/H5A3382-200x300.jpg 200w, https:\/\/resmil.fi\/wp-content\/uploads\/2025\/06\/H5A3382-768x1152.jpg 768w, https:\/\/resmil.fi\/wp-content\/uploads\/2025\/06\/H5A3382-1024x1536.jpg 1024w, https:\/\/resmil.fi\/wp-content\/uploads\/2025\/06\/H5A3382-1365x2048.jpg 1365w, https:\/\/resmil.fi\/wp-content\/uploads\/2025\/06\/H5A3382-scaled.jpg 1707w\" sizes=\"auto, (max-width: 683px) 100vw, 683px\" \/><\/figure>\n<\/figure>\n\n\n\n<p><\/p>\n","protected":false},"excerpt":{"rendered":"<p>Tilaa t\u00e4st\u00e4 Alennuskoodilla resmil2025 saat -10 % alennuksen X-varusteen verkkokaupasta. Tekniset tiedot: Mitat: Ensivaikutelma: Laadukas ja kest\u00e4v\u00e4. Materiaalin paksuuteen ja vahvuuteen n\u00e4hden sen saa tarvittaessa pakattua eritt\u00e4in pieneen kokoon. Materiaalin laatu: K\u00e4ytett\u00e4vyys ja mukavuus Kest\u00e4vyys ja huolto Toiminnallinen suorituskyky Kentt\u00e4palautteen perusteet Kentt\u00e4palaute Suositukset jatkokehittelyyn: Dumppitaskun ehdottomasti heikoin lenkki on se, ett\u00e4 se ei ole tarpeeksi [&hellip;]<\/p>\n","protected":false},"author":4,"featured_media":0,"parent":148,"menu_order":0,"comment_status":"closed","ping_status":"closed","template":"","meta":{"site-container-style":"default","site-container-layout":"default","site-sidebar-layout":"default","site-transparent-header":"default","disable-article-header":"default","disable-site-header":"default","disable-site-footer":"default","disable-content-area-spacing":"default","footnotes":""},"class_list":["post-108","page","type-page","status-publish","hentry"],"_links":{"self":[{"href":"https:\/\/resmil.fi\/index.php\/wp-json\/wp\/v2\/pages\/108","targetHints":{"allow":["GET"]}}],"collection":[{"href":"https:\/\/resmil.fi\/index.php\/wp-json\/wp\/v2\/pages"}],"about":[{"href":"https:\/\/resmil.fi\/index.php\/wp-json\/wp\/v2\/types\/page"}],"author":[{"embeddable":true,"href":"https:\/\/resmil.fi\/index.php\/wp-json\/wp\/v2\/users\/4"}],"replies":[{"embeddable":true,"href":"https:\/\/resmil.fi\/index.php\/wp-json\/wp\/v2\/comments?post=108"}],"version-history":[{"count":14,"href":"https:\/\/resmil.fi\/index.php\/wp-json\/wp\/v2\/pages\/108\/revisions"}],"predecessor-version":[{"id":518,"href":"https:\/\/resmil.fi\/index.php\/wp-json\/wp\/v2\/pages\/108\/revisions\/518"}],"up":[{"embeddable":true,"href":"https:\/\/resmil.fi\/index.php\/wp-json\/wp\/v2\/pages\/148"}],"wp:attachment":[{"href":"https:\/\/resmil.fi\/index.php\/wp-json\/wp\/v2\/media?parent=108"}],"curies":[{"name":"wp","href":"https:\/\/api.w.org\/{rel}","templated":true}]}}