{"id":395,"date":"2025-12-28T21:41:30","date_gmt":"2025-12-28T19:41:30","guid":{"rendered":"https:\/\/resmil.fi\/?page_id=395"},"modified":"2026-01-08T20:47:35","modified_gmt":"2026-01-08T18:47:35","slug":"haix-tactical-2-0-gtx-winter-high-black","status":"publish","type":"page","link":"https:\/\/resmil.fi\/index.php\/tuotetestaus\/x-varuste\/haix-tactical-2-0-gtx-winter-high-black\/","title":{"rendered":"Haix Tactical 2.0 GTX WINTER high black"},"content":{"rendered":"\n<p><a href=\"https:\/\/xvaruste.fi\/haix-tactical-2-0-gtx-winter-high-black\/\">Tilaa t\u00e4st\u00e4<\/a><\/p>\n\n\n\n<p>Alennuskoodilla&nbsp;<strong>resmil2025&nbsp;<\/strong>saat -10 % alennuksen X-varusteen verkkokaupasta.<\/p>\n\n\n\n<p><strong>Tekniset tiedot: <\/strong><\/p>\n\n\n\n<ul class=\"wp-block-list\">\n<li>Valmistettu Euroopassa<\/li>\n\n\n\n<li>Talvimalli<\/li>\n\n\n\n<li>Vuorattu sis\u00e4osa, sek\u00e4 pohjallinen<\/li>\n\n\n\n<li>Gore tex\/ Vedenpit\u00e4v\u00e4<\/li>\n\n\n\n<li>Sun reflect nahka<\/li>\n\n\n\n<li>Anti-Slip<\/li>\n\n\n\n<li>Pehme\u00e4mpi pohjan kumiseos<\/li>\n<\/ul>\n\n\n\n<p><strong>Ensivaikutelma:<\/strong> Eritt\u00e4in kevyet talvikeng\u00e4t, yhden keng\u00e4n paino vain 677 g.<\/p>\n\n\n\n<p><strong>Materiaalin ominaisuudet<\/strong><\/p>\n\n\n\n<ul class=\"wp-block-list\">\n<li><strong>Nahan ja pintamateriaalin laatu:<\/strong> Gore-Tex lupaa pintamateriaalin ominaisuuksiksi vedenpit\u00e4vyyden, tuulenpit\u00e4vyyden ja hengitt\u00e4vyyden. Ensimm\u00e4isess\u00e4 k\u00e4velytestiss\u00e4, noin 7 km matkalla +8 \u00b0C:ssa, hieman paksummat sukat toimivat moitteettomasti. Testin j\u00e4lkeen sukat olivat kuitenkin paikoitellen kosteat. N\u00e4m\u00e4 HAIX-keng\u00e4t ovat kuitenkin talvikeng\u00e4t, joten uusi testi on ajankohtainen, kunhan ilmat viilenev\u00e4t.<\/li>\n\n\n\n<li><strong>Vuorimateriaali: <\/strong>Keng\u00e4t ovat kauttaaltaan vuorattu synteettisell\u00e4 villalla sis\u00e4puolelta. Odotellaan viel\u00e4 pakkasia, jotta p\u00e4\u00e4st\u00e4\u00e4n kunnolla testaamaan my\u00f6s l\u00e4mp\u00f6eristyst\u00e4. <mark style=\"background-color:rgba(0, 0, 0, 0)\" class=\"has-inline-color has-kenta-primary-active-color\">P\u00e4ivitetty 8.1.2026<\/mark> &#8211; Vihdoin saapuivat kunnon pakkaset, joten p\u00e4\u00e4simme testaamaan kenkien todellista suorituskyky\u00e4. Testi suoritettiin kolmella eri tavalla: matalatempoisessa pihaty\u00f6ss\u00e4 (noin 2 tuntia), 10 km k\u00e4velyll\u00e4 ja 5 km juoksulla. Kaikissa testeiss\u00e4 k\u00e4ytettiin kahta sukkaa: kevyemp\u00e4\u00e4 sukkaa alla ja villasukkaa p\u00e4\u00e4ll\u00e4. Matalatempoisessa pihaty\u00f6ss\u00e4 varpaat kylmeniv\u00e4t jonkin verran, mutta eiv\u00e4t merkitt\u00e4v\u00e4sti. K\u00e4velyss\u00e4 ja juoksussa ei esiintynyt mink\u00e4\u00e4nlaisia kylmettymisen tuntemuksia. Kaikissa testeiss\u00e4 l\u00e4mp\u00f6tila oli \u201315 ja \u201318 asteen v\u00e4lill\u00e4. Mainittakoon viel\u00e4, ett\u00e4 juokseminen n\u00e4ill\u00e4 talvikengill\u00e4 oli helppoa, sill\u00e4 ne eiv\u00e4t olleet liian j\u00e4yk\u00e4t tai painavat.<\/li>\n\n\n\n<li><strong>Pohjamateriaalin laatu: <\/strong>Pohjamateriaali on pehme\u00e4mp\u00e4\u00e4 kumiseosta. Keng\u00e4npohja olikin yksi niist\u00e4 kriteereist\u00e4, joiden vuoksi n\u00e4m\u00e4 keng\u00e4t valittiin testiin. Hyvin usein etenkin talvikengiss\u00e4 ongelmana on, ett\u00e4 pakkasella pohja kovettuu ja lumi tarttuu siihen, jolloin sis\u00e4lle siirrytt\u00e4ess\u00e4 on suuri liukastumisriski. Uskon, ett\u00e4 n\u00e4ill\u00e4 kengill\u00e4 pito s\u00e4ilyy juuri pohjamateriaalin ansiosta.<\/li>\n\n\n\n<li><strong>Nauhoituksen ja kiinnitys j\u00e4rjestelm\u00e4n toimivuus:<\/strong> T\u00e4ss\u00e4 yksi selke\u00e4 kehityskohta: keng\u00e4n mukana tulevat keng\u00e4nnauhat ovat kapeat ja py\u00f6re\u00e4t, mik\u00e4 tekee kenkien tiukkaan solmimisesta haastavaa.<\/li>\n\n\n\n<li><strong>Saumojen ja liitosten viimeistely: <\/strong>Saumat ovat aina ensimm\u00e4inen asia, jotka kannattaa tarkistaa uuden keng\u00e4n hankinnassa. Nelj\u00e4n kuukauden k\u00e4yt\u00f6n j\u00e4lkeen erilaisissa s\u00e4\u00e4- ja maasto-olosuhteissa niiss\u00e4 ei kuitenkaan ole merkki\u00e4k\u00e4\u00e4n saumojen pett\u00e4misest\u00e4.<\/li>\n<\/ul>\n\n\n\n<p><strong>K\u00e4ytett\u00e4vyys ja mukavuus<\/strong><\/p>\n\n\n\n<ul class=\"wp-block-list\">\n<li><strong>Istuvuus ja tuki:<\/strong> Ensimm\u00e4isell\u00e4 k\u00e4ytt\u00f6kerralla vasemmassa kantap\u00e4\u00e4ss\u00e4 tuntui hieman painetta, mik\u00e4 aiheutti rakon. Keng\u00e4t kuitenkin muotoutuivat jalan mukaan hyvin nopeasti, ja jo toisella k\u00e4ytt\u00f6kerralla tuntuma oli selv\u00e4sti mukavampi. Nilkan tuki on erinomainen, mik\u00e4 on yksi niist\u00e4 hyvist\u00e4 puolista silloin, kun kengiss\u00e4 ei ole vetoketjua.<\/li>\n\n\n\n<li><strong>K\u00e4velymukavuus:<\/strong> Ei mit\u00e4\u00e4n negatiivista mainittavaa. Kevyet keng\u00e4t lis\u00e4\u00e4v\u00e4t mukavuutta merkitt\u00e4v\u00e4sti, erityisesti pidemmill\u00e4 marsseilla.<\/li>\n\n\n\n<li><strong>Paino suhteessa suojaan ja tukevuuteen:<\/strong> Eritt\u00e4in kevyeksi ja tukeviksi talvikengiksi, ei ainakaan viel\u00e4 ole n\u00e4ht\u00e4viss\u00e4 mit\u00e4\u00e4n negatiivist\u00e4 vaikutusta suhteessa s\u00e4\u00e4suojaan.<\/li>\n\n\n\n<li><strong>Helppous pukea ja riisua:<\/strong> Kenki\u00e4 ei ole vaikea pukea, pukemista helpottaa vahva ja iso vetolenkki kenkien takaosassa. hyvin monissa kenkien vetolenkki on niin pieni, ett\u00e4 sinne saa vain yhden sormen, joka ei mielest\u00e4ni palvele vetolenkin k\u00e4ytt\u00f6tarkoitusta.<\/li>\n\n\n\n<li><strong>Yhteen sopivuus muiden varusteiden kanssa:<\/strong> Toimii kuosiltaan eritt\u00e4in hyvin muiden sotilasvarusteiden kanssa.<\/li>\n<\/ul>\n\n\n\n<p><strong>Kest\u00e4vyys ja huolto<\/strong><\/p>\n\n\n\n<ul class=\"wp-block-list\">\n<li><strong>Kulutus kest\u00e4vyys:<\/strong> Keng\u00e4t ovat olleet k\u00e4yt\u00f6ss\u00e4 jo nelj\u00e4 kuukautta. Ainoat havaitut kulumat ovat kenkien k\u00e4rjiss\u00e4, joissa pintamateriaali on hieman kulunut.<\/li>\n\n\n\n<li><strong>Veden- ja s\u00e4\u00e4nkest\u00e4vyys:<\/strong> Keng\u00e4t kest\u00e4v\u00e4t hyvin vett\u00e4. Pesin kengist\u00e4 kurat pois k\u00e4sisuihkun ja harjan avulla, eik\u00e4 vesi ainakaan tuona aikana tullut l\u00e4pi.<\/li>\n\n\n\n<li><strong>Helppohoitoisuus:<\/strong> Lika l\u00e4htee helposti pois edell\u00e4 mainitulla tavalla tai vaikka kostealla r\u00e4till\u00e4.<\/li>\n\n\n\n<li><strong>L\u00e4mp\u00f6eristeen kest\u00e4vyys k\u00e4yt\u00f6ss\u00e4:<\/strong> Toistaiseksi t\u00e4m\u00e4n talven keleill\u00e4 ei ole ilmennyt mit\u00e4\u00e4n ongelmia, eik\u00e4 jaloissa ole tuntunut kylmyytt\u00e4.<\/li>\n<\/ul>\n\n\n\n<p><strong>Toiminnallinen suorituskyky<\/strong><\/p>\n\n\n\n<ul class=\"wp-block-list\">\n<li><strong>Liukkauden esto eri alustoilla:<\/strong> T\u00e4rkein asia, jota haluttiin testata liukkauden osalta, oli siirtyminen ulkoa kylm\u00e4st\u00e4 sis\u00e4tiloihin, kovalle laattalattialle. Hyvin usein pakkasessa kenkien pohja kovettuu ja lumi tarttuu siihen, jolloin sis\u00e4lle tultaessa pohja on eritt\u00e4in liukas. N\u00e4iden kenkien kanssa vastaavaa ongelmaa ei ole ilmennyt. T\u00e4ss\u00e4 mieless\u00e4 kyseess\u00e4 ovat eritt\u00e4in hyv\u00e4t keng\u00e4t my\u00f6s tra-touhuihin.<\/li>\n\n\n\n<li><strong>Pohjan joustavuus ja iskuvaimennus:<\/strong> Pohjan pehme\u00e4 kumiseos takaa hyv\u00e4n joustavuuden ja iskunvaimennuksen kovalla alustalla.<\/li>\n<\/ul>\n\n\n\n<p><strong>Kentt\u00e4palautteen perusteet<\/strong><\/p>\n\n\n\n<ul class=\"wp-block-list\">\n<li><strong>K\u00e4ytt\u00f6mukavuus pitk\u00e4ss\u00e4 k\u00e4yt\u00f6ss\u00e4:<\/strong> Ensimm\u00e4isell\u00e4 k\u00e4ytt\u00f6kerralla keng\u00e4t hiersiv\u00e4t hieman kantap\u00e4ist\u00e4. Toisella k\u00e4ytt\u00f6kerralla tuntuma oli jo parempi, ja t\u00e4m\u00e4n j\u00e4lkeen keng\u00e4t l\u00f6ysiv\u00e4t muotonsa ja istuvat todella hyvin.<\/li>\n\n\n\n<li><strong>Mahdolliset heikot kohdat k\u00e4yt\u00f6ss\u00e4:<\/strong> Ainoa asia, joka tulee mieleen on keng\u00e4nnauhat.<\/li>\n\n\n\n<li><strong>K\u00e4ytt\u00e4j\u00e4kokemus eri tilanteissa:<\/strong> (sotilas-, poliisi-, retkeily-, arkik\u00e4ytt\u00f6)<\/li>\n<\/ul>\n\n\n\n<p><strong>Kentt\u00e4palaute<\/strong><\/p>\n\n\n\n<ul class=\"wp-block-list\">\n<li><strong>K\u00e4ytt\u00e4j\u00e4n arvio:<\/strong> Maastossa keng\u00e4t ovat eritt\u00e4in tukevat, mutta eiv\u00e4t kuitenkaan est\u00e4 nilkan tai jalkap\u00f6yd\u00e4n luonnollista liikkumista. Omasta mielest\u00e4ni n\u00e4m\u00e4 ovat parhaat talvikeng\u00e4t, joita olen k\u00e4ytt\u00e4nyt.<\/li>\n\n\n\n<li><strong>Yleinen k\u00e4ytt\u00f6mukavuus:<\/strong> Kenkien kevyt paino lis\u00e4\u00e4 k\u00e4ytt\u00f6mukavuutta huomattavasti.<\/li>\n\n\n\n<li><strong>Arvosana:<\/strong> 4.9 Keng\u00e4t ovat laadukkaat ja mukavat jalassa. Keng\u00e4nnauhojen takia en voi kuitenkaan antaa t\u00e4ysi\u00e4 pisteit\u00e4.<\/li>\n<\/ul>\n\n\n\n<p><strong>Suositukset jatkokehitykseen:<\/strong> Joku toisenlainen keng\u00e4nnauha olisi parempi.<\/p>\n\n\n\n<p>Alennuskoodilla&nbsp;<strong>resmil2025&nbsp;<\/strong>saat -10 % alennuksen X-varusteen verkkokaupasta.<\/p>\n\n\n\n<p><a href=\"https:\/\/xvaruste.fi\/haix-tactical-2-0-gtx-winter-high-black\/\">Tilaa t\u00e4st\u00e4<\/a><\/p>\n\n\n\n<figure class=\"wp-block-gallery has-nested-images columns-default is-cropped wp-block-gallery-1 is-layout-flex wp-block-gallery-is-layout-flex\">\n<figure class=\"wp-block-image size-large\"><img loading=\"lazy\" decoding=\"async\" width=\"569\" height=\"635\" data-id=\"546\" src=\"https:\/\/resmil.fi\/wp-content\/uploads\/2025\/11\/haix-1.png\" alt=\"\" class=\"wp-image-546\" srcset=\"https:\/\/resmil.fi\/wp-content\/uploads\/2025\/11\/haix-1.png 569w, https:\/\/resmil.fi\/wp-content\/uploads\/2025\/11\/haix-1-269x300.png 269w\" sizes=\"auto, (max-width: 569px) 100vw, 569px\" \/><\/figure>\n\n\n\n<figure class=\"wp-block-image size-large\"><img loading=\"lazy\" decoding=\"async\" width=\"310\" height=\"789\" data-id=\"547\" src=\"https:\/\/resmil.fi\/wp-content\/uploads\/2025\/11\/haix-pohja-1.png\" alt=\"\" class=\"wp-image-547\" srcset=\"https:\/\/resmil.fi\/wp-content\/uploads\/2025\/11\/haix-pohja-1.png 310w, https:\/\/resmil.fi\/wp-content\/uploads\/2025\/11\/haix-pohja-1-118x300.png 118w\" sizes=\"auto, (max-width: 310px) 100vw, 310px\" \/><\/figure>\n\n\n\n<figure class=\"wp-block-image size-large\"><img loading=\"lazy\" decoding=\"async\" width=\"520\" height=\"521\" data-id=\"544\" src=\"https:\/\/resmil.fi\/wp-content\/uploads\/2025\/11\/haix-sisalta.png\" alt=\"\" class=\"wp-image-544\" srcset=\"https:\/\/resmil.fi\/wp-content\/uploads\/2025\/11\/haix-sisalta.png 520w, https:\/\/resmil.fi\/wp-content\/uploads\/2025\/11\/haix-sisalta-300x300.png 300w, https:\/\/resmil.fi\/wp-content\/uploads\/2025\/11\/haix-sisalta-150x150.png 150w\" sizes=\"auto, (max-width: 520px) 100vw, 520px\" \/><\/figure>\n<\/figure>\n","protected":false},"excerpt":{"rendered":"<p>Tilaa t\u00e4st\u00e4 Alennuskoodilla&nbsp;resmil2025&nbsp;saat -10 % alennuksen X-varusteen verkkokaupasta. Tekniset tiedot: Ensivaikutelma: Eritt\u00e4in kevyet talvikeng\u00e4t, yhden keng\u00e4n paino vain 677 g. Materiaalin ominaisuudet K\u00e4ytett\u00e4vyys ja mukavuus Kest\u00e4vyys ja huolto Toiminnallinen suorituskyky Kentt\u00e4palautteen perusteet Kentt\u00e4palaute Suositukset jatkokehitykseen: Joku toisenlainen keng\u00e4nnauha olisi parempi. Alennuskoodilla&nbsp;resmil2025&nbsp;saat -10 % alennuksen X-varusteen verkkokaupasta. Tilaa t\u00e4st\u00e4<\/p>\n","protected":false},"author":4,"featured_media":0,"parent":148,"menu_order":0,"comment_status":"closed","ping_status":"closed","template":"","meta":{"site-container-style":"default","site-container-layout":"default","site-sidebar-layout":"default","site-transparent-header":"default","disable-article-header":"default","disable-site-header":"default","disable-site-footer":"default","disable-content-area-spacing":"default","footnotes":""},"class_list":["post-395","page","type-page","status-publish","hentry"],"_links":{"self":[{"href":"https:\/\/resmil.fi\/index.php\/wp-json\/wp\/v2\/pages\/395","targetHints":{"allow":["GET"]}}],"collection":[{"href":"https:\/\/resmil.fi\/index.php\/wp-json\/wp\/v2\/pages"}],"about":[{"href":"https:\/\/resmil.fi\/index.php\/wp-json\/wp\/v2\/types\/page"}],"author":[{"embeddable":true,"href":"https:\/\/resmil.fi\/index.php\/wp-json\/wp\/v2\/users\/4"}],"replies":[{"embeddable":true,"href":"https:\/\/resmil.fi\/index.php\/wp-json\/wp\/v2\/comments?post=395"}],"version-history":[{"count":10,"href":"https:\/\/resmil.fi\/index.php\/wp-json\/wp\/v2\/pages\/395\/revisions"}],"predecessor-version":[{"id":566,"href":"https:\/\/resmil.fi\/index.php\/wp-json\/wp\/v2\/pages\/395\/revisions\/566"}],"up":[{"embeddable":true,"href":"https:\/\/resmil.fi\/index.php\/wp-json\/wp\/v2\/pages\/148"}],"wp:attachment":[{"href":"https:\/\/resmil.fi\/index.php\/wp-json\/wp\/v2\/media?parent=395"}],"curies":[{"name":"wp","href":"https:\/\/api.w.org\/{rel}","templated":true}]}}