{"id":454,"date":"2025-10-17T23:00:56","date_gmt":"2025-10-17T20:00:56","guid":{"rendered":"https:\/\/resmil.fi\/?page_id=454"},"modified":"2025-10-21T19:54:09","modified_gmt":"2025-10-21T16:54:09","slug":"x-varuste","status":"publish","type":"page","link":"https:\/\/resmil.fi\/index.php\/yhteistyossa\/x-varuste\/","title":{"rendered":"X-Varuste"},"content":{"rendered":"\n<p><strong>Esittely<\/strong><\/p>\n\n\n\n<p>X-Varuste on ulkoiluun, turvallisuuteen ja ammuntaan erikoistunut varusteliike. Tarjoamme laajan valikoiman laadukkaita tuotteita tunnetuilta valmistajilta ymp\u00e4ri maailmaa \u2013 sek\u00e4 verkkokaupassamme ett\u00e4 Turun kivijalkamyym\u00e4l\u00e4ss\u00e4mme.<br>Meilt\u00e4 l\u00f6yd\u00e4t kaiken tarvittavan vaativaan k\u00e4ytt\u00f6\u00f6n ja aktiiviseen vapaa-aikaan.<\/p>\n\n\n\n<p><strong>Yhteisty\u00f6n laatu<\/strong><\/p>\n\n\n\n<p>Yhteisty\u00f6mme X-Varusteen kanssa keskittyy ennen kaikkea tuotetestaukseen. Perusteellisen kentt\u00e4testauksen avulla arvioimme varusteiden suorituskyky\u00e4 ja soveltuvuutta sotilask\u00e4ytt\u00f6\u00f6n \u2013 todellisissa olosuhteissa.<\/p>\n\n\n\n<p><strong>Yhteisty\u00f6n merkitys<\/strong><\/p>\n\n\n\n<p>Reservil\u00e4istoiminta perustuu vapaaehtoisuuteen, vaikka siihen ollaankin yleisesti eritt\u00e4in sitoutuneita. Mik\u00e4li taistelija haluaa varustautua paremmilla varusteilla, on se h\u00e4nen omalla vastuullaan. Tuotetestauksilla pyrimme tukemaan yksil\u00f6n p\u00e4\u00e4t\u00f6ksi\u00e4 varustehankinnoissa, jotta hankitut varusteet olisivat toimivia ja kest\u00e4isiv\u00e4t mahdollisimman pitk\u00e4\u00e4n.<\/p>\n\n\n\n<p><\/p>\n\n\n\n<p><\/p>\n","protected":false},"excerpt":{"rendered":"<p>Esittely X-Varuste on ulkoiluun, turvallisuuteen ja ammuntaan erikoistunut varusteliike. Tarjoamme laajan valikoiman laadukkaita tuotteita tunnetuilta valmistajilta ymp\u00e4ri maailmaa \u2013 sek\u00e4 verkkokaupassamme ett\u00e4 Turun kivijalkamyym\u00e4l\u00e4ss\u00e4mme.Meilt\u00e4 l\u00f6yd\u00e4t kaiken tarvittavan vaativaan k\u00e4ytt\u00f6\u00f6n ja aktiiviseen vapaa-aikaan. Yhteisty\u00f6n laatu Yhteisty\u00f6mme X-Varusteen kanssa keskittyy ennen kaikkea tuotetestaukseen. Perusteellisen kentt\u00e4testauksen avulla arvioimme varusteiden suorituskyky\u00e4 ja soveltuvuutta sotilask\u00e4ytt\u00f6\u00f6n \u2013 todellisissa olosuhteissa. Yhteisty\u00f6n merkitys [&hellip;]<\/p>\n","protected":false},"author":4,"featured_media":0,"parent":450,"menu_order":0,"comment_status":"closed","ping_status":"closed","template":"","meta":{"site-container-style":"default","site-container-layout":"default","site-sidebar-layout":"default","site-transparent-header":"default","disable-article-header":"default","disable-site-header":"default","disable-site-footer":"default","disable-content-area-spacing":"default","footnotes":""},"class_list":["post-454","page","type-page","status-publish","hentry"],"_links":{"self":[{"href":"https:\/\/resmil.fi\/index.php\/wp-json\/wp\/v2\/pages\/454","targetHints":{"allow":["GET"]}}],"collection":[{"href":"https:\/\/resmil.fi\/index.php\/wp-json\/wp\/v2\/pages"}],"about":[{"href":"https:\/\/resmil.fi\/index.php\/wp-json\/wp\/v2\/types\/page"}],"author":[{"embeddable":true,"href":"https:\/\/resmil.fi\/index.php\/wp-json\/wp\/v2\/users\/4"}],"replies":[{"embeddable":true,"href":"https:\/\/resmil.fi\/index.php\/wp-json\/wp\/v2\/comments?post=454"}],"version-history":[{"count":4,"href":"https:\/\/resmil.fi\/index.php\/wp-json\/wp\/v2\/pages\/454\/revisions"}],"predecessor-version":[{"id":531,"href":"https:\/\/resmil.fi\/index.php\/wp-json\/wp\/v2\/pages\/454\/revisions\/531"}],"up":[{"embeddable":true,"href":"https:\/\/resmil.fi\/index.php\/wp-json\/wp\/v2\/pages\/450"}],"wp:attachment":[{"href":"https:\/\/resmil.fi\/index.php\/wp-json\/wp\/v2\/media?parent=454"}],"curies":[{"name":"wp","href":"https:\/\/api.w.org\/{rel}","templated":true}]}}